c**2 - 21*c + 21. What is x(1)?
-33
Let y(v) = 519*v - 18. Calculate y(1).
501
Let d(v) = -v + 114. Calculate d(-20).
134
Let a(g) = 83*g**2 - 13*g + 14. Give a(1).
84
Let p(w) = w**2 + 4*w - 26. Determine p(4).
6
Let y(g) = 3*g**2 - 90*g - 2400. What is y(47)?
-3
Let m(q) = -q**3 - 23*q**2 + 73*q - 98. Determine m(-26).
32
Let v(h) = 91*h + 2158. What is v(-24)?
-26
Let h(a) = 19*a + 1246. What is h(-60)?
106
Let k(p) = -p**3 - p**2 + 6*p + 46. Calculate k(-4).
70
Let x(g) = -g**3 - 11*g**2 + 87*g + 627. Give x(-14).
-3
Let p(u) = -10*u**2 - 3*u - 47. Calculate p(0).
-47
Let i(u) = 4*u**2 + 328*u + 334. Determine i(-81).
10
Let r(a) = 4*a**2 + 393*a - 1534. Determine r(-102).
-4
Let x(k) = 16*k**3 + k**2 - 11*k + 10. Determine x(1).
16
Let x(q) = -3*q**2 + 4*q + 1. Calculate x(8).
-159
Let z(l) = 149*l + 1217. Calculate z(-8).
25
Let z(g) = -3*g**2 + 151*g + 91. Give z(51).
-11
Let v(w) = -w**3 - 11*w**2 - 34*w - 146. Calculate v(-8).
-66
Let t(l) = 9*l**2 + 62*l - 10. Give t(-7).
-3
Let i(m) = 4*m**3 + 126*m**2 - 61*m + 88. Calculate i(-32).
-8
Let s(b) = 3*b**2 - 40*b + 107. Calculate s(9).
-10
Let r(j) = -10*j**2 + 112*j + 438. Give r(-4).
-170
Let v(c) = c**3 - 15*c**2 - 4*c + 11. Determine v(14).
-241
Let k(n) = -n**2 + 57*n - 274. What is k(5)?
-14
Let g(t) = t**3 - 4*t**2 - 6*t + 9. Give g(-3).
-36
Let k(c) = c**2 + 208*c + 6854. Give k(-41).
7
Let b(g) = -72*g + 4962. Determine b(69).
-6
Let s(g) = -10997*g - 274922. Calculate s(-25).
3
Let s(z) = 706*z**2 + 2820*z - 7. Determine s(-4).
9
Let o(s) = 2801*s + 14010. Calculate o(-5).
5
Let k(d) = -7*d**2 - 670*d + 3730. Calculate k(-101).
-7
Let p(q) = -138*q + 3736. Give p(27).
10
Let w(i) = -198*i**3 - 2*i**2 + 3*i - 4. Determine w(1).
-201
Let k(g) = -11*g**3 + 3*g**2 + g - 10. Give k(2).
-84
Let n(q) = -q + 22. Give n(22).
0
Let d(w) = 51*w - 2837. Give d(55).
-32
Let r(w) = 17*w + 390. What is r(-21)?
33
Let z(u) = -u**3 + 71*u**2 - 200*u - 274. What is z(68)?
-2
Let o(r) = 2*r**3 + 92*r**2 - 8*r - 291. Give o(-46).
77
Let u(m) = -m**3 + 2*m**2 + 79*m + 109. Give u(11).
-111
Let p(q) = -12*q - 227. Give p(-22).
37
Let q(t) = -t**3 - 13*t**2 + 132*t + 1343. Give q(-16).
-1
Let o(b) = -210*b + 1669. Calculate o(8).
-11
Let n(t) = 2*t**2 - 74*t + 79. What is n(36)?
7
Let j(a) = -39*a**3 - 32*a**2 + 16*a + 16. Give j(-1).
7
Let k(m) = -m**2 + 12*m + 316. Calculate k(-12).
28
Let k(q) = -345*q + 5862. Give k(17).
-3
Let n(f) = 20*f**3 - f**2 + 6*f + 8. What is n(-1)?
-19
Let z(f) = -6*f**2 - 33*f + 84. Determine z(2).
-6
Let x(p) = -p**3 - 5*p**2 + 41*p + 8. Calculate x(-9).
-37
Let k(a) = 18*a - 30. What is k(4)?
42
Let n(z) = z**2 - 42*z + 272. Give n(8).
0
Let t(z) = -12*z + 342. Determine t(13).
186
Let u(f) = -3129*f - 9346. Give u(-3).
41
Let n(l) = -2*l**2 + 86*l - 394. What is n(5)?
-14
Let k(l) = 3819*l + 11461. Calculate k(-3).
4
Let i(r) = 2*r**3 + 40*r**2 - 2*r + 239. Calculate i(-20).
279
Let r(s) = s**3 - 11*s**2 + 12*s + 39. Calculate r(7).
-73
Let a(b) = b**3 - 21*b**2 + 41*b + 20. Determine a(19).
77
Let q(w) = 1503*w + 31566. What is q(-21)?
3
Let w(c) = -2*c**3 + 2*c**2 + 12*c - 8. What is w(3)?
-8
Let l(k) = -3*k**2 - 7*k + 20. What is l(-5)?
-20
Let m(o) = -541*o + 545. What is m(1)?
4
Let d(l) = -38*l + 406. Determine d(9).
64
Let v(p) = -p**3 - 48*p**2 - 219*p - 21. Calculate v(-43).
151
Let n(o) = o**3 - 14*o**2 + 9*o - 23. Give n(13).
-75
Let y(a) = -16*a**2 + 8*a - 4. Calculate y(3).
-124
Let n(i) = -1567*i + 4674. Determine n(3).
-27
Let r(f) = 127*f + 2430. Determine r(-18).
144
Let d(v) = 2*v**3 - 83*v**2 - 54*v - 225. Give d(42).
-729
Let x(s) = -4941*s + 14829. Give x(3).
6
Let j(l) = 7*l**2 - 20*l - 95. Calculate j(-5).
180
Let z(a) = 16*a**2 - 106*a + 184. Calculate z(7).
226
Let m(z) = 1630*z + 110842. What is m(-68)?
2
Let t(v) = v**3 - 20*v**2 + 18*v + 47. Give t(19).
28
Let a(f) = -6*f**2 + 5*f + 195. Give a(6).
9
Let i(l) = 2*l**3 + 24*l**2 + 50*l + 29. Give i(-10).
-71
Let q(w) = -20*w**2 + 15*w + 26. Determine q(-3).
-199
Let y(w) = -20*w**2 + 3584*w - 735. Give y(179).
-19
Let f(n) = -n**2 + 16. Determine f(-3).
7
Let f(a) = 8*a + 21. Determine f(-3).
-3
Let r(m) = -5758*m - 17273. Calculate r(-3).
1
Let w(y) = 24*y + 345. What is w(-18)?
-87
Let r(q) = q**3 - 4*q**2 - 32*q - 35. What is r(-4)?
-35
Let h(x) = 8*x - 62. Determine h(12).
34
Let m(k) = k**2 - 17*k - 77. Give m(15).
-107
Let n(f) = 28*f**2 + 3*f - 1. Determine n(1).
30
Let z(d) = 2*d**3 - 5*d**2 - d + 6. Determine z(2).
0
Let b(i) = i**3 + 9*i**2 + 14*i - 30. What is b(-6)?
-6
Let x(s) = -s**2 - 231*s - 1776. Give x(-8).
8
Let a(g) = -2*g**3 - 14*g**2 - 25*g - 99. Determine a(-4).
-95
Let w(z) = -z**3 - 15*z**2 + 20*z - 3. Calculate w(1).
1
Let x(p) = p**2 + 185*p + 8463. Determine x(-102).
-3
Let o(f) = -29258*f - 117030. Calculate o(-4).
2
Let s(w) = -4*w**2 + 96*w + 323. Give s(27).
-1
Let n(m) = 129*m + 1566. Give n(-12).
18
Let m(x) = x**2 - 3612*x - 36209. Give m(-10).
11
Let t(f) = -8*f**2 - 117*f + 12. Determine t(-11).
331
Let l(o) = o**3 - 9*o**2 + 13*o + 12. What is l(6)?
-18
Let p(g) = -g**3 - 24*g**2 + 30*g + 89. What is p(-25)?
-36
Let w(n) = -26*n**2 - 285*n + 8. Give w(-11).
-3
Let z(s) = s**3 - 4*s**2 - 11*s - 31. Calculate z(8).
137
Let w(o) = 2*o**3 - 3*o**2 - 21*o + 52. Determine w(3).
16
Let q(v) = 4*v**2 + 12*v - 12. Determine q(1).
4
Let i(o) = -o**3 - 3*o**2 + 18*o - 18. What is i(2)?
-2
Let a(u) = 3*u**3 - 52*u**2 - 28*u - 142. Calculate a(18).
2
Let f(p) = 6*p**3 - 23*p**2 - 17*p - 81. Give f(5).
9
Let s(k) = -111*k - 62. Give s(0).
-62
Let d(r) = -r**3 + 10*r**2 + 362*r + 310. What is d(25)?
-15
Let k(o) = o**3 + 5*o**2 - 48*o - 53. Calculate k(6).
55
Let p(a) = 69*a + 1360. What is p(-30)?
-710
Let o(x) = 14*x**3 + 27*x**2 + 12*x + 15. What is o(-2)?
-13
Let a(j) = -37*j + 537. Determine a(14).
19
Let t(m) = 17*m - 95. Give t(9).
58
Let k(h) = 37*h + 1110. What is k(-30)?
0
Let t(y) = y**2 - 40*y - 20039. Give t(-123).
10
Let c(w) = -87*w + 717. Calculate c(0).
717
Let i(n) = -318*n + 16843. What is i(53)?
-11
Let g(p) = -4*p**3 - 33*p**2 - 61*p - 14. Give g(-6).
28
Let x(f) = 8*f + 57. What is x(-10)?
-23
Let b(i) = i**3 - 11*i**2 + 13*i + 11. Give b(5).
-74
Let w(i) = i**2 + 324*i - 3005. Give w(9).
-8
Let x(r) = -2*r**3 + 73*r**2 + 114*r + 38. Calculate x(38).
38
Let j(x) = 16*x**2 - 14*x + 33. Give j(2).
69
Let w(q) = q**3 + 30*q**2 - 35*q - 36. Give w(-31).
88
Let a(y) = 5*y + 102. Calculate a(-14).
32
Let p(j) = j**3 - 107*j**2 + 504*j + 438. Calculate p(102).
-174
Let m(z) = z**3 - 34*z**2 - 27*z - 275. Give m(35).
5
Let g(a) = a**2 - 183*a + 4684. Calculate g(31).
-28
Let r(i) = -i**2 + 589*i - 3496. Give r(6).
2
Let p(m) = 4045*m + 101132. Determine p(-25).
7
Let w(o) = 2*o**3 + 45*o**2 + 16*o + 158. Calculate w(-22).
290
Let x(p) = p**2 + 22*p - 1331. Calculate x(27).
-8
Let a(u) = u**3 + 5*u**2 - 2*u - 30. What is a(-4)?
-6
Let t(f) = -5288*f + 37067. Give t(7).
51
Let z(q) = q**3 + 2*q**2 - 20*q + 32. What is z(0)?
32
Let h(d) = -6434*d - 32179. Give h(-5).
-9
Let m(g) = 64*g - 1866. Calculate m(25).
-266
Let u(r) = 674*r + 416. Calculate u(-1).
-258
Let x(c) = -7*c - 168. Determine x(10).
-238
Let z(a) = 42*a + 678. What is z(-14)?
90
Let g(q) = 13*q - 13. Determine g(-12).
-169
Let h(d) = 12*d - 360. Determine h(31).
12
Let n(s) = 194*s + 9647. Determine n(-49).
141
Let n(x) = -9*x**2 - 20*x + 10. Calculate n(-5).
-115
Let v(d) = -d**2 + 86*d + 2635. Determine v(-24).
-5
Let f(h) = h**2 - 100*h + 2426. Determine f(40).
26
Let a(m) = -m**3 + 13*m**2 + 9*m + 75. Give a(14).
5
Let x(j) = -11*j**3 - 264*j**2 - 248*j + 112. Give x(-23).
-3
Let f(g) = 995*g - 6344. Give f(6).
-374
Let u(g) = -g**3 + 11*g**2 + 17*g - 83. What is u(12)?
-23
Let k(g) = 25*g + 24. Calculate k(2).
74
Let v(l) = 476*l + 151364. Give v(-318).
-4
Let m(k) = -k**3 - 105*k**2 + 150*k + 4716. Determine m(-106).
52
Let w(b) = 8*b + 58. What is w(-18)?
-86
Let h(u) = -4*u**3 - 19*u**2 - 16*u - 62. Give h(-4).
-46
Let s(u) = -2*u**2 + 143*u - 1834. What is s(17)?
19
Let j(h) = 1837*h + 53279. Determine j(-29).
6
Let u(l) = -l**2 + 189*l - 2615. Determine u(15).
-5
Let k(y) = -y**2 + 3*y + 102. Calculate k(9).
48
Let s(l) = 26*l**2 + 21*l - 4. Calculate s(-1).
1
Let u(t) = 5